{"id":1989,"date":"2023-03-12T01:55:30","date_gmt":"2023-03-12T01:55:30","guid":{"rendered":"https:\/\/elgaragehub.com\/cursos\/?post_type=product&#038;p=1989"},"modified":"2026-03-21T18:12:15","modified_gmt":"2026-03-21T18:12:15","slug":"semana-santa","status":"publish","type":"product","link":"https:\/\/elgaragehub.com\/cursos\/producto\/semana-santa\/","title":{"rendered":"Talleres STEM de Semana Santa 2026"},"content":{"rendered":"<div class=\"et-l et-l--post\">\n\t\t\t<div class=\"et_builder_inner_content et_pb_gutters3\">\n\t\t\n\t\t<\/div><!-- .et_builder_inner_content -->\n\t<\/div><!-- .et-l -->\n\t","protected":false},"excerpt":{"rendered":"<div>\n<div>\n<p><strong>Duraci\u00f3n:<\/strong> 2 semanas<\/p>\n<\/div>\n<div><strong>Descripci\u00f3n:<\/strong> \u00a1Las ni\u00f1as y ni\u00f1os vivir\u00e1n y aprender\u00e1n conceptos de ciencia espacial! a trav\u00e9s de la rob\u00f3tica, programaci\u00f3n de videojuegos, prototipado, electr\u00f3nica.<\/div>\n<\/div>\n","protected":false},"featured_media":3220,"comment_status":"open","ping_status":"closed","template":"","meta":{"_et_pb_use_builder":"","_et_pb_old_content":"","_et_gb_content_width":"","spay_email":""},"_links":{"self":[{"href":"https:\/\/elgaragehub.com\/cursos\/wp-json\/wp\/v2\/product\/1989"}],"collection":[{"href":"https:\/\/elgaragehub.com\/cursos\/wp-json\/wp\/v2\/product"}],"about":[{"href":"https:\/\/elgaragehub.com\/cursos\/wp-json\/wp\/v2\/types\/product"}],"replies":[{"embeddable":true,"href":"https:\/\/elgaragehub.com\/cursos\/wp-json\/wp\/v2\/comments?post=1989"}],"wp:featuredmedia":[{"embeddable":true,"href":"https:\/\/elgaragehub.com\/cursos\/wp-json\/wp\/v2\/media\/3220"}],"wp:attachment":[{"href":"https:\/\/elgaragehub.com\/cursos\/wp-json\/wp\/v2\/media?parent=1989"}],"curies":[{"name":"wp","href":"https:\/\/api.w.org\/{rel}","templated":true}]}}