{"id":1899,"date":"2022-12-13T23:34:57","date_gmt":"2022-12-13T23:34:57","guid":{"rendered":"https:\/\/elgaragehub.com\/cursos\/?post_type=product&#038;p=1899"},"modified":"2025-10-01T18:51:25","modified_gmt":"2025-10-01T18:51:25","slug":"proyectos-stem","status":"publish","type":"product","link":"https:\/\/elgaragehub.com\/cursos\/producto\/proyectos-stem\/","title":{"rendered":"Proyectos STEM"},"content":{"rendered":"<div class=\"et-l et-l--post\">\n\t\t\t<div class=\"et_builder_inner_content et_pb_gutters3\">\n\t\t\n\t\t<\/div><!-- .et_builder_inner_content -->\n\t<\/div><!-- .et-l -->\n\t","protected":false},"excerpt":{"rendered":"<p><strong>Duraci\u00f3n<br \/>\n16 semanas<\/strong><\/p>\n<p><strong>Horario<\/strong><br \/>\ns\u00e1bados de<\/p>\n<p><span style=\"font-weight: 400;\">8:30 a 11:30 a.m.<\/span><\/p>\n<p><span style=\"font-weight: 400;\">Para nivel b\u00e1sico y avanzado, durante su curso tendr\u00e1n la oportunidad de explorar y experimentar con diferentes \u00e1reas del STEM, tales como maker lab, programaci\u00f3n y rob\u00f3tica nivel b\u00e1sico.<\/span><\/p>\n<p>&nbsp;<\/p>\n","protected":false},"featured_media":2918,"comment_status":"open","ping_status":"closed","template":"","meta":{"_et_pb_use_builder":"","_et_pb_old_content":"","_et_gb_content_width":"","spay_email":""},"_links":{"self":[{"href":"https:\/\/elgaragehub.com\/cursos\/wp-json\/wp\/v2\/product\/1899"}],"collection":[{"href":"https:\/\/elgaragehub.com\/cursos\/wp-json\/wp\/v2\/product"}],"about":[{"href":"https:\/\/elgaragehub.com\/cursos\/wp-json\/wp\/v2\/types\/product"}],"replies":[{"embeddable":true,"href":"https:\/\/elgaragehub.com\/cursos\/wp-json\/wp\/v2\/comments?post=1899"}],"wp:featuredmedia":[{"embeddable":true,"href":"https:\/\/elgaragehub.com\/cursos\/wp-json\/wp\/v2\/media\/2918"}],"wp:attachment":[{"href":"https:\/\/elgaragehub.com\/cursos\/wp-json\/wp\/v2\/media?parent=1899"}],"curies":[{"name":"wp","href":"https:\/\/api.w.org\/{rel}","templated":true}]}}